)*10?
5
Let a = 1651 + -369. What is the hundreds digit of a?
2
Let u = 25 + -22. Suppose 0 = u*l + 23 - 29. Suppose 0 = -4*a - 4*q + 44, 0*q = 4*a + l*q - 54. What is the units digit of a?
6
Let f(m) = m**2 - 4*m + 7. Let b be 60/18*(-6)/4. What is the units digit of f(b)?
2
Let t = -23 - -22. Let g(v) = -12*v. Let c be g(t). Suppose 0 = -c*w + 8*w + 144. What is the units digit of w?
6
Let h(y) = -y**2 - y + 50. Let q(k) = -k**2 + 4*k + 5. Let r be q(5). Let p be h(r). Let b = -30 + p. What is the units digit of b?
0
Let j(l) = -2*l + 4*l**2 + 5 - 6*l - l**2 + 2*l. Let y be j(-5). Suppose 5*r - y = -9*x + 4*x, 0 = -x + 4. What is the tens digit of r?
1
Let o(p) = -p. Let r(y) = 145*y + 5. Let s(t) = -5*o(t) - r(t). What is the hundreds digit of s(-1)?
1
Suppose 3*v - 2*v = 7. Let k = v - 10. What is the tens digit of k/(-1) + 57/3?
2
Suppose 3*o + 4*m = 2080, -202 = -2*o - 5*m + 1194. What is the hundreds digit of o?
6
Let t = -426 - -1355. Suppose 0 = -3*v - 6, 5*i + 6*v = 8*v + t. What is the units digit of i?
5
Let q(y) = -y**2 - 4*y + 6. Let g be q(-5). Let n = 2 + g. Suppose -n*h = -h - 16. What is the units digit of h?
8
Suppose 38*y - 212 = 40*y. Let d = y - -293. What is the units digit of d?
7
Let g = -5 + 6. Let c be (0 - (2 + -1)) + g. Suppose -5 = 2*y - 1, -3*z - y + 49 = c. What is the units digit of z?
7
Let s(n) = -n**3 + 6*n**2 - 3*n - 4. Let y be s(4). Let j = -2066 + 1094. What is the units digit of (-4)/(-16) - j/y?
1
Let w = 71 - 67. Suppose -2*i = 3*l - 844, 0*l + w*i - 854 = -3*l. What is the hundreds digit of l?
2
Let y(m) = m**3 + 11*m**2 + 4*m - 5. Let a be y(-9). Let l = a - 77. What is the units digit of l?
4
Let i = -35 + 53. Let v be i/27*51/(-2). Let d = 35 + v. What is the units digit of d?
8
Let u be (1 + -1 - -3)*1. Let x(j) = 3*j - u*j**3 + 8*j**2 + j**3 + 4 + 3*j**3 + 5*j. What is the tens digit of x(-5)?
3
Suppose 0 = -5*u - 3 - 12. Let z be ((-19)/u)/(5/15). Let g = z + -15. What is the units digit of g?
4
Let t be (4 + -7)*32/6. Let o be 376/t*2*-1. Let s = o + -25. What is the units digit of s?
2
Let z(n) = 2*n**2 + 6*n. Let v be z(-4). Suppose -v = 3*k - 14. Suppose -5*h = -2*i - 3*h + 122, k*i = 5*h + 116. What is the units digit of i?
3
Suppose -5*q - 4*w = -1055, 2*q = -q - 5*w + 620. What is the hundreds digit of q?
2
Let b = 1706 - 1050. What is the units digit of b?
6
Let d be (((-4)/(-5))/((-17)/(-170)))/2. Suppose 556 = -4*r - 3*f, -r - f - 132 = -2*f. What is the units digit of 2/(d + r/36)?
9
Let k(w) = -9*w + 13. Let i(y) = -3*y**2 - 13*y + 5. Let u = -7 + 2. Let m be i(u). What is the units digit of k(m)?
8
Let y = -51 - -53. Suppose -3*a + 140 = -a + y*i, 4 = -4*i. What is the tens digit of a?
7
What is the hundreds digit of (56/(-10))/(7/(-665))?
5
Let t = 145 + -148. What is the units digit of t/(((-7)/28)/((-82)/(-8)))?
3
Suppose -5*f = -w - 17776, 0 = 4*f - 24*w + 28*w - 14216. What is the thousands digit of f?
3
Let d(u) = -510*u - 275. What is the hundreds digit of d(-10)?
8
Let z(q) = -72*q - 21. What is the tens digit of z(-6)?
1
Let t(o) = -o**3 + 3*o**2 - o + 92. What is the tens digit of t(0)?
9
Let t(q) be the second derivative of 5*q**3/3 - 13*q**2/2 - q. What is the units digit of t(6)?
7
Let r(b) = 56*b - 1. Let k(s) = -14*s. Let p(a) = -9*k(a) - 2*r(a). Let z be p(6). Let u = -55 + z. What is the units digit of u?
1
Let f(j) = j**2 + j - 1. Let x(v) = 3*v**2 + 12*v + 1. Let t(g) = -2*f(g) + x(g). Let s be 2/7 + 79/(-7). What is the units digit of t(s)?
4
Suppose 16 + 9 = 5*d. Suppose -d*n + 3*v = 2, 2*n + 3*v + 4 = -1. What is the tens digit of 2 + (-20)/n + -2?
2
What is the tens digit of ((-1)/2)/(6 - 18098/3016)?
5
Suppose 21*k + 11265 = 56814. What is the tens digit of k?
6
What is the tens digit of (5 - (-2392)/24)*135/6?
5
Suppose 7*v - 6 = 4*v. Let m be v*-11*1 - 2. What is the tens digit of ((-16)/(-6))/(m/(-324))?
3
Let w = 70 - 44. Let k = w - 21. Suppose -k*i + 162 = -4*r - 32, -r = -i + 38. What is the units digit of i?
2
Suppose -f - 202 = -p + 346, -3*p + 2*f = -1640. What is the hundreds digit of p?
5
Let s(d) = 112*d + 31. What is the hundreds digit of s(16)?
8
Suppose k - 395 = -3*m, -5*k + 5*m + 0*m = -1915. What is the hundreds digit of k?
3
Suppose -636 = -4*u + 280. What is the tens digit of u?
2
Let g = 259 + 22. What is the tens digit of g?
8
Suppose -89 = 2*k - 17. Let p = k - -66. What is the units digit of p?
0
Suppose -4*o = -k - 10 - 4, 2*k = -3*o + 5. What is the hundreds digit of (1965/2)/5 + o/(-6)?
1
Let q = -4 + 1. Let k(z) = -z**3 - z**2 + 0*z + 5*z - 2*z - 3 + 0*z**2. What is the units digit of k(q)?
6
Let j = -14 - -33. Let q = -16 + j. Suppose -5*o + 26 = 2*t, 2*t = -q*o - o + 26. What is the tens digit of t?
1
Suppose -5*f + 2*b - 1146 + 17501 = 0, -2*b - 10 = 0. What is the thousands digit of f?
3
Let n(y) = y**2 - y. Let w(r) = -4*r**2 - 88. Let p(s) = -3*n(s) - w(s). What is the units digit of p(0)?
8
Let g = 5123 - 2839. What is the hundreds digit of g?
2
Let w = -41 - -29. Let f = -8 - w. Suppose -f*j = -7*j + 78. What is the units digit of j?
6
Let b(m) be the first derivative of -m**3/3 + 6*m**2 + 8*m - 5. Let i(u) = u. Let o(a) = b(a) - 2*i(a). What is the units digit of o(7)?
9
Let p be ((-4)/4)/((-2)/344). Suppose -x - 2*s + p = 0, 0 = -x - x + 5*s + 362. What is the units digit of x?
6
Let m = 2137 + -1022. What is the thousands digit of m?
1
Let v = 9601 + -5469. What is the thousands digit of v?
4
Let n(d) = -372*d + 406. What is the units digit of n(-8)?
2
Suppose -3*r = 2*r + 415. Let h = 148 + r. What is the units digit of h?
5
Let l(r) = -r**2 + 7*r - 5. Let d be l(5). Let u(h) be the first derivative of h**3/3 - h**2 - 6*h + 10. What is the units digit of u(d)?
9
Suppose 0 = -4*t + 2 + 6. Suppose -5*v + 186 = -t*v. Suppose -j = j - v. What is the units digit of j?
1
Let u = -996 + 501. Let b = -292 - u. What is the tens digit of 2/8 + b/4?
5
Let z(m) = m**2 - 6*m + 5. Let t be z(5). Suppose -5*y = -3*w + 15, t = w - y - 2 - 5. Let i = 6 + w. What is the units digit of i?
6
Suppose -3*o = 2*j - 18, 3*j = -2*j. Suppose 155 = 25*c - 20*c. Let k = c - o. What is the tens digit of k?
2
Let d be 7*1 - (-4)/16*-8. Suppose -q + 37 = 2*u, 2*q - 80 = d*u - 6. What is the tens digit of q?
3
What is the units digit of ((-72)/(-9) + -33)*-53?
5
Let q(z) be the second derivative of -z**4/4 + z**3/3 + 10*z. Let w be q(-2). What is the tens digit of (-1)/4 - 804/w?
5
Let w be (-4)/(-3 + 5) + -21. Let b = w - -25. Suppose 3*m = b*m + 31. What is the tens digit of m?
3
Suppose 18*d - 63 = 15*d. Let q = d + -32. Let s = -8 - q. What is the units digit of s?
3
Let a(i) = -i**2 + 2*i + 39. Let s be a(0). Let g = 112 - s. What is the tens digit of g?
7
Suppose 0 = -5*c + 25, 5*j = 3*c + 4 + 1. What is the units digit of ((-39)/(-3) + -1)/(6/j)?
8
Suppose g + 52 = t, 3*g + 103 = -t - 69. What is the tens digit of (-63)/12*g/6?
4
Suppose -4*c + 262 = -3*x, -c = c - 5*x - 138. Suppose 0*f + 2*f = -c. Let o = 48 + f. What is the tens digit of o?
1
Suppose 0 = 3*y - 14 - 4. What is the units digit of y/(-16) - 19569/(-88)?
2
Suppose -3*u + 160 = 2*u. Suppose -65 = 3*c - a + u, 4*a = c + 25. Let g = 46 + c. What is the units digit of g?
3
Let r be (-5)/(-20) - (-86)/8. Let i(m) = -3 - r + 19 - 9*m + m**2. What is the units digit of i(9)?
5
Let t = -11193 + 17435. What is the units digit of t?
2
Suppose 12*f - 9729 = 14199. What is the thousands digit of f?
1
Let y = 28 - 19. Let x(q) = q - 2. Let g be x(4). Suppose g*f - 5*f + y = 0. What is the units digit of f?
3
Suppose -2*q + 8*v - 12*v = -174, v + 289 = 3*q. What is the units digit of q?
5
What is the hundreds digit of (62361/(-78))/(-2 + (-3)/(-2))?
5
Suppose 4*f - 3 - 13 = 0. Suppose -2*s - 6 - 2 = 0, -140 = -f*n + 4*s. Suppose -i - 5 = -n. What is the tens digit of i?
2
Let a be (3 - 5)/(-4)*(1 - -179). Let g = 5 + a. What is the units digit of g?
5
Suppose c - 696 = -4*r, 5*c - 2*r - 3*r = 3505. What is the tens digit of c?
0
Suppose 69*i - 66*i + 357 = 0. Let s = 11 - i. What is the hundreds digit of s?
1
Suppose -2*n + n + 128 = 0. Suppose -n = -5*r + 3*r. What is the tens digit of r?
6
Let r = -414 + 1161. Suppose 3*f = 3*q + 4*f - r, -251 = -q - f. What is the hundreds digit of 